{"id":52,"date":"2021-11-12T17:28:28","date_gmt":"2021-11-12T16:28:28","guid":{"rendered":"https:\/\/leria.univ-angers.fr\/?page_id=52"},"modified":"2024-05-06T14:47:35","modified_gmt":"2024-05-06T12:47:35","slug":"equipements","status":"publish","type":"page","link":"https:\/\/leria.univ-angers.fr\/?page_id=52","title":{"rendered":"Equipements"},"content":{"rendered":"\n<p>Le LERIA poss\u00e8de un cluster de calcul de haute performance et l\u2019h\u00e9berge dans ses locaux. La capacit\u00e9 du cluster a \u00e9t\u00e9 r\u00e9guli\u00e8rement \u00e9tendue depuis 2012 et la moiti\u00e9 environ de la puissance de calcul CPU concerne des serveurs achet\u00e9s apr\u00e8s 2016 dans le cadre d\u2019un financement CPER. Le centre de calcul comprend :<\/p>\n\n\n\n<ul class=\"wp-block-list\">\n<li>892 c\u0153urs logiques r\u00e9partis sur 40 CPU physiques, eux-m\u00eames r\u00e9partis sur 26 serveurs physiques sur 1 site de production ;<\/li>\n\n\n\n<li>400 c\u0153urs logiques r\u00e9partis sur 20 serveurs physiques (vieux mod\u00e8les) sur 1 site de test ;<\/li>\n\n\n\n<li>12 GPU r\u00e9partit sur 5 serveurs physiques ;<\/li>\n\n\n\n<li>2 commutateurs 48 ports haute performance 10GB\/s en haute disponibilit\u00e9 pour le c\u0153ur du r\u00e9seau ;<\/li>\n\n\n\n<li>2 commutateurs 12 ports haute performance 10 GB\/s pour l\u2019usage exclusif du stockage Ceph ;<\/li>\n\n\n\n<li>2 commutateurs 12 ports 1GB\/s pour l\u2019usage exclusif de Corosync dans Proxmox ;<\/li>\n\n\n\n<li>1 syst\u00e8me de stockage haute performance de 120 TB utile r\u00e9partit sur 5 serveurs ;<\/li>\n\n\n\n<li>1 cluster de 4 hyperviseurs Proxmox\/Ceph partag\u00e9es avec le d\u00e9partement informatique ;<\/li>\n\n\n\n<li>1 serveur de sauvegarde de 120 TB utile.<\/li>\n<\/ul>\n\n\n\n<p>Le LERIA dispose de moyens mat\u00e9riels annexes qui sont mutualis\u00e9s avec le d\u00e9partement d\u2019informatique :<\/p>\n\n\n\n<ul class=\"wp-block-list\">\n<li>Un syst\u00e8me de visio-conf\u00e9rence compos\u00e9 d&#8217;un codec Polycom CGroup500, d&#8217;une tablette tactile filaire raccord\u00e9 au codec, d&#8217;une cam\u00e9ra HD pilotable \u00e0 distance et d&#8217;un \u00e9cran de 55 pouces. Cet \u00e9quipement est positionn\u00e9 sur un meuble mobile qui permet, dans la salle de s\u00e9minaires, de le raccorder \u00e0 un syst\u00e8me compos\u00e9 de 2 micro-plafonds, 8 enceintes et un vid\u00e9o-projecteur tactile courte focale.<\/li>\n\n\n\n<li>Une quarantaine de postes de travail et autant d\u2019ordinateurs portables r\u00e9partis entre tous les membres du laboratoire (distribution Linux ou Mac OS pour la quasi-totalit\u00e9 des personnels).<\/li>\n<\/ul>\n\n\n\n<h1 class=\"wp-block-heading\">Service technique<\/h1>\n\n\n\n<figure class=\"wp-block-table\"><table><tbody><tr><td>CHALAIN J\u00e9r\u00f4me<\/td><td>Ing\u00e9nieur d\u2019\u00e9tudes<\/td><\/tr><tr><td>CHANTREIN Jean-Mathieu<\/td><td>Ing\u00e9nieur d\u2019\u00e9tudes \u2013 Responsable d\u2019\u00e9quipe<\/td><\/tr><tr><td>BOIGNE Vincent<\/td><td>Assistant ing\u00e9nieur<\/td><\/tr><\/tbody><\/table><\/figure>\n","protected":false},"excerpt":{"rendered":"<p>Le LERIA poss\u00e8de un cluster de calcul de haute performance et l\u2019h\u00e9berge dans ses locaux. La capacit\u00e9 du cluster a \u00e9t\u00e9 r\u00e9guli\u00e8rement \u00e9tendue depuis 2012 et la moiti\u00e9 environ de la puissance de calcul CPU concerne des serveurs achet\u00e9s apr\u00e8s &hellip; <a href=\"https:\/\/leria.univ-angers.fr\/?page_id=52\">Continuer la lecture <span class=\"meta-nav\">&rarr;<\/span><\/a><\/p>\n","protected":false},"author":5,"featured_media":0,"parent":0,"menu_order":4,"comment_status":"closed","ping_status":"closed","template":"","meta":{"footnotes":""},"class_list":["post-52","page","type-page","status-publish","hentry"],"_links":{"self":[{"href":"https:\/\/leria.univ-angers.fr\/index.php?rest_route=\/wp\/v2\/pages\/52","targetHints":{"allow":["GET"]}}],"collection":[{"href":"https:\/\/leria.univ-angers.fr\/index.php?rest_route=\/wp\/v2\/pages"}],"about":[{"href":"https:\/\/leria.univ-angers.fr\/index.php?rest_route=\/wp\/v2\/types\/page"}],"author":[{"embeddable":true,"href":"https:\/\/leria.univ-angers.fr\/index.php?rest_route=\/wp\/v2\/users\/5"}],"replies":[{"embeddable":true,"href":"https:\/\/leria.univ-angers.fr\/index.php?rest_route=%2Fwp%2Fv2%2Fcomments&post=52"}],"version-history":[{"count":8,"href":"https:\/\/leria.univ-angers.fr\/index.php?rest_route=\/wp\/v2\/pages\/52\/revisions"}],"predecessor-version":[{"id":247,"href":"https:\/\/leria.univ-angers.fr\/index.php?rest_route=\/wp\/v2\/pages\/52\/revisions\/247"}],"wp:attachment":[{"href":"https:\/\/leria.univ-angers.fr\/index.php?rest_route=%2Fwp%2Fv2%2Fmedia&parent=52"}],"curies":[{"name":"wp","href":"https:\/\/api.w.org\/{rel}","templated":true}]}}